{"id":84,"date":"2016-01-27T23:23:51","date_gmt":"2016-01-27T23:23:51","guid":{"rendered":"http:\/\/elektryk-reda.pl\/?page_id=84"},"modified":"2023-07-10T21:06:38","modified_gmt":"2023-07-10T21:06:38","slug":"o-firmie-2","status":"publish","type":"page","link":"https:\/\/elektryk-reda.pl\/","title":{"rendered":"O firmie"},"content":{"rendered":"<hr>\n<h1><b>Elektryk Reda &#8211; Instalatorstwo Elektryczne Andrzej Rosengart<\/b><\/h1>\n<p>&nbsp;<\/p>\n<p>Firma za\u0142o\u017cona w 1995 roku . Pocz\u0105tkowo zajmuj\u0105ca si\u0119 g\u0142\u00f3wnie wykonywaniem instalacji elektrycznych oraz pomiar\u00f3w instalacji. W kolejnych latach dzia\u0142alno\u015bci zwi\u0119kszano zakres prowadzonych us\u0142ug, m.in. o monta\u017c system\u00f3w alarmowych, monitorowania obiekt\u00f3w, instalacji inteligentnych. Firma od pocz\u0105tku istnienia stawia na nowoczesne technologie, dlatego wykorzystuje najnowsze przyrz\u0105dy pomiarowe produkowane przez \u015bwiatowych lider\u00f3w i szczeg\u00f3lnie dba o wysok\u0105 jako\u015b\u0107 wykonywanych us\u0142ug.<br \/>\nDzia\u0142amy z wieloma sukcesami na lokalnym rynku oraz na terenie ca\u0142ego kraju od ponad 20 lat.<\/p>\n<p>Zapoznaj si\u0119 z nasz\u0105 <a href=\"http:\/\/elektryk-reda.pl\/index.php\/oferta\">ofert\u0105<\/a> i skontaktuj si\u0119 <a href=\"http:\/\/elektryk-reda.pl\/index.php\/kontakt\">tutaj<\/a>&nbsp;lub pod adresem <a href=\"mailto:&quot;biuro@elektryk-reda.pl&quot;\">biuro@elektryk-reda.pl<\/a><\/p>\n<p style=\"text-align: left;\">Aktualne \u015bwiadectwa wzorcowania stosowanych miernik\u00f3w m. in. firmy <a href=\"http:\/\/www.sonel.pl\">Sonel<\/a><\/p>\n","protected":false},"excerpt":{"rendered":"<p>Elektryk Reda &#8211; Instalatorstwo Elektryczne Andrzej Rosengart &nbsp; Firma za\u0142o\u017cona w 1995 roku . Pocz\u0105tkowo zajmuj\u0105ca si\u0119 g\u0142\u00f3wnie wykonywaniem instalacji elektrycznych oraz pomiar\u00f3w instalacji. W kolejnych latach dzia\u0142alno\u015bci zwi\u0119kszano zakres [&hellip;]<\/p>\n","protected":false},"author":1,"featured_media":0,"parent":0,"menu_order":0,"comment_status":"closed","ping_status":"closed","template":"page-templates\/page_fullwidth.php","meta":[],"yoast_head":"<!-- This site is optimized with the Yoast SEO plugin v20.10 - https:\/\/yoast.com\/wordpress\/plugins\/seo\/ -->\n<title>Elektryk Reda - Instalatorstwo Elektryczne Andrzej Rosengart<\/title>\n<meta name=\"description\" content=\"Elektryk Reda, Instalacje elektryczne, Pomiary, \u015awiadectwa energetyczne budynk\u00f3w, Reda, Rumia, Wejherowo, Gdynia\" \/>\n<meta name=\"robots\" content=\"index, follow, max-snippet:-1, max-image-preview:large, max-video-preview:-1\" \/>\n<link rel=\"canonical\" href=\"https:\/\/elektryk-reda.pl\/\" \/>\n<meta property=\"og:locale\" content=\"pl_PL\" \/>\n<meta property=\"og:type\" content=\"article\" \/>\n<meta property=\"og:title\" content=\"Elektryk Reda - Instalatorstwo Elektryczne Andrzej Rosengart\" \/>\n<meta property=\"og:description\" content=\"Elektryk Reda, Instalacje elektryczne, Pomiary, \u015awiadectwa energetyczne budynk\u00f3w, Reda, Rumia, Wejherowo, Gdynia\" \/>\n<meta property=\"og:url\" content=\"https:\/\/elektryk-reda.pl\/\" \/>\n<meta property=\"og:site_name\" content=\"Instalatorstwo Elektryczne Andrzej Rosengart\" \/>\n<meta property=\"article:modified_time\" content=\"2023-07-10T21:06:38+00:00\" \/>\n<meta name=\"twitter:card\" content=\"summary_large_image\" \/>\n<meta name=\"twitter:label1\" content=\"Szacowany czas czytania\" \/>\n\t<meta name=\"twitter:data1\" content=\"1 minuta\" \/>\n<script type=\"application\/ld+json\" class=\"yoast-schema-graph\">{\"@context\":\"https:\/\/schema.org\",\"@graph\":[{\"@type\":\"WebPage\",\"@id\":\"https:\/\/elektryk-reda.pl\/\",\"url\":\"https:\/\/elektryk-reda.pl\/\",\"name\":\"Elektryk Reda - Instalatorstwo Elektryczne Andrzej Rosengart\",\"isPartOf\":{\"@id\":\"https:\/\/elektryk-reda.pl\/#website\"},\"datePublished\":\"2016-01-27T23:23:51+00:00\",\"dateModified\":\"2023-07-10T21:06:38+00:00\",\"description\":\"Elektryk Reda, Instalacje elektryczne, Pomiary, \u015awiadectwa energetyczne budynk\u00f3w, Reda, Rumia, Wejherowo, Gdynia\",\"breadcrumb\":{\"@id\":\"https:\/\/elektryk-reda.pl\/#breadcrumb\"},\"inLanguage\":\"pl-PL\",\"potentialAction\":[{\"@type\":\"ReadAction\",\"target\":[\"https:\/\/elektryk-reda.pl\/\"]}]},{\"@type\":\"BreadcrumbList\",\"@id\":\"https:\/\/elektryk-reda.pl\/#breadcrumb\",\"itemListElement\":[{\"@type\":\"ListItem\",\"position\":1,\"name\":\"Strona g\u0142\u00f3wna\",\"item\":\"https:\/\/elektryk-reda.pl\/\"},{\"@type\":\"ListItem\",\"position\":2,\"name\":\"O firmie\"}]},{\"@type\":\"WebSite\",\"@id\":\"https:\/\/elektryk-reda.pl\/#website\",\"url\":\"https:\/\/elektryk-reda.pl\/\",\"name\":\"Instalatorstwo Elektryczne Andrzej Rosengart\",\"description\":\"Instalacje elektryczne Pomiary Zabezpieczenia obiekt\u00f3w od 1995 r.\",\"potentialAction\":[{\"@type\":\"SearchAction\",\"target\":{\"@type\":\"EntryPoint\",\"urlTemplate\":\"https:\/\/elektryk-reda.pl\/?s={search_term_string}\"},\"query-input\":\"required name=search_term_string\"}],\"inLanguage\":\"pl-PL\"}]}<\/script>\n<!-- \/ Yoast SEO plugin. -->","yoast_head_json":{"title":"Elektryk Reda - Instalatorstwo Elektryczne Andrzej Rosengart","description":"Elektryk Reda, Instalacje elektryczne, Pomiary, \u015awiadectwa energetyczne budynk\u00f3w, Reda, Rumia, Wejherowo, Gdynia","robots":{"index":"index","follow":"follow","max-snippet":"max-snippet:-1","max-image-preview":"max-image-preview:large","max-video-preview":"max-video-preview:-1"},"canonical":"https:\/\/elektryk-reda.pl\/","og_locale":"pl_PL","og_type":"article","og_title":"Elektryk Reda - Instalatorstwo Elektryczne Andrzej Rosengart","og_description":"Elektryk Reda, Instalacje elektryczne, Pomiary, \u015awiadectwa energetyczne budynk\u00f3w, Reda, Rumia, Wejherowo, Gdynia","og_url":"https:\/\/elektryk-reda.pl\/","og_site_name":"Instalatorstwo Elektryczne Andrzej Rosengart","article_modified_time":"2023-07-10T21:06:38+00:00","twitter_card":"summary_large_image","twitter_misc":{"Szacowany czas czytania":"1 minuta"},"schema":{"@context":"https:\/\/schema.org","@graph":[{"@type":"WebPage","@id":"https:\/\/elektryk-reda.pl\/","url":"https:\/\/elektryk-reda.pl\/","name":"Elektryk Reda - Instalatorstwo Elektryczne Andrzej Rosengart","isPartOf":{"@id":"https:\/\/elektryk-reda.pl\/#website"},"datePublished":"2016-01-27T23:23:51+00:00","dateModified":"2023-07-10T21:06:38+00:00","description":"Elektryk Reda, Instalacje elektryczne, Pomiary, \u015awiadectwa energetyczne budynk\u00f3w, Reda, Rumia, Wejherowo, Gdynia","breadcrumb":{"@id":"https:\/\/elektryk-reda.pl\/#breadcrumb"},"inLanguage":"pl-PL","potentialAction":[{"@type":"ReadAction","target":["https:\/\/elektryk-reda.pl\/"]}]},{"@type":"BreadcrumbList","@id":"https:\/\/elektryk-reda.pl\/#breadcrumb","itemListElement":[{"@type":"ListItem","position":1,"name":"Strona g\u0142\u00f3wna","item":"https:\/\/elektryk-reda.pl\/"},{"@type":"ListItem","position":2,"name":"O firmie"}]},{"@type":"WebSite","@id":"https:\/\/elektryk-reda.pl\/#website","url":"https:\/\/elektryk-reda.pl\/","name":"Instalatorstwo Elektryczne Andrzej Rosengart","description":"Instalacje elektryczne Pomiary Zabezpieczenia obiekt\u00f3w od 1995 r.","potentialAction":[{"@type":"SearchAction","target":{"@type":"EntryPoint","urlTemplate":"https:\/\/elektryk-reda.pl\/?s={search_term_string}"},"query-input":"required name=search_term_string"}],"inLanguage":"pl-PL"}]}},"_links":{"self":[{"href":"https:\/\/elektryk-reda.pl\/index.php\/wp-json\/wp\/v2\/pages\/84"}],"collection":[{"href":"https:\/\/elektryk-reda.pl\/index.php\/wp-json\/wp\/v2\/pages"}],"about":[{"href":"https:\/\/elektryk-reda.pl\/index.php\/wp-json\/wp\/v2\/types\/page"}],"author":[{"embeddable":true,"href":"https:\/\/elektryk-reda.pl\/index.php\/wp-json\/wp\/v2\/users\/1"}],"replies":[{"embeddable":true,"href":"https:\/\/elektryk-reda.pl\/index.php\/wp-json\/wp\/v2\/comments?post=84"}],"version-history":[{"count":19,"href":"https:\/\/elektryk-reda.pl\/index.php\/wp-json\/wp\/v2\/pages\/84\/revisions"}],"predecessor-version":[{"id":188,"href":"https:\/\/elektryk-reda.pl\/index.php\/wp-json\/wp\/v2\/pages\/84\/revisions\/188"}],"wp:attachment":[{"href":"https:\/\/elektryk-reda.pl\/index.php\/wp-json\/wp\/v2\/media?parent=84"}],"curies":[{"name":"wp","href":"https:\/\/api.w.org\/{rel}","templated":true}]}}